{"id":224,"date":"2016-02-03T15:09:24","date_gmt":"2016-02-03T14:09:24","guid":{"rendered":"http:\/\/neslysici.casd.cz\/?page_id=224"},"modified":"2022-01-11T13:27:08","modified_gmt":"2022-01-11T12:27:08","slug":"doporucujeme","status":"publish","type":"page","link":"https:\/\/neslysici.casd.cz\/?page_id=224","title":{"rendered":"Kam d\u00e1l&#8230;"},"content":{"rendered":"\n<p>.<\/p>\n<p>.<\/p>\n<p>.<\/p>\n\n\n<table style=\"height: 100px; width: 79.4302%;\">\n<tbody>\n<tr style=\"height: 23px;\">\n<td style=\"width: 1.49925%; text-align: left; height: 23px;\" colspan=\"2\">\n<h2><span style=\"color: #0000ff;\"><strong>Adventist\u00e9 v \u010cR a SR<\/strong><\/span><\/h2>\n<\/td>\n<\/tr>\n<tr style=\"height: 187px;\">\n<td style=\"width: 1.49925%; height: 135px; text-align: left;\" colspan=\"2\">\n<h5><strong>web\u00a0<a href=\"http:\/\/www.casd.cz\/\">C\u00edrkev adventist\u016f sedm\u00e9ho dne v \u010cesk\u00e9 republice a na Slovensku<\/a><\/strong>\u00a0(\u010cesko-Slovensk\u00e1 unie)<\/h5>\n<h5><strong>web\u00a0<a href=\"http:\/\/www.casd.sk\/\">Cirkev adventistov siedmeho d\u0148a na Slovensku<\/a><\/strong>\u00a0(Slovensk\u00e9 sdru\u017een\u00ed)<\/h5>\n<h5><strong>web\u00a0<a href=\"https:\/\/ceskesdruzeni.cz\/sbory\/\">\u010cesk\u00e9 sdru\u017een\u00ed C\u00edrkve adventist\u016f sedm\u00e9ho dne v \u010cesk\u00e9 republice<\/a>\u00a0<\/strong>(\u010cesk\u00e9 sdru\u017een\u00ed)<\/h5>\n<h5><strong>web\u00a0<a href=\"https:\/\/mss.casd.cz\/\">Moravsk\u00e9 sdru\u017een\u00ed C\u00edrkve adventist\u016f sedm\u00e9ho dne v \u010cesk\u00e9 republice<\/a><\/strong>\u00a0(Moravsk\u00e9 sdru\u017een\u00ed)<\/h5>\n<\/td>\n<\/tr>\n<tr style=\"height: 23px;\">\n<td style=\"width: 1.49925%; height: 23px;\" colspan=\"2\">\n<h2><span style=\"color: #0000ff;\"><strong>Adventist\u00e9 ve sv\u011bt\u011b<\/strong><\/span><\/h2>\n<\/td>\n<\/tr>\n<tr style=\"height: 104px;\">\n<td style=\"width: 1.49925%; height: 104px;\" colspan=\"2\">\n<h5><a href=\"https:\/\/www.adventist.org\/\" class=\"broken_link\"><strong>Seventh Day Adventist Church<\/strong><\/a><\/h5>\n<\/td>\n<\/tr>\n<tr style=\"height: 23px;\">\n<td style=\"width: 1.49925%; text-align: left; height: 23px;\" colspan=\"2\"><span style=\"color: #0000ff;\"><strong>Slu\u017eba lidem se speci\u00e1ln\u00edmi pot\u0159ebami v \u010cR<\/strong><\/span><\/td>\n<\/tr>\n<tr style=\"height: 23px;\">\n<td style=\"width: 1.49925%; text-align: left; height: 23px;\" colspan=\"2\"><a href=\"https:\/\/bezbarier.casd.cz\/\">Bez bari\u00e9r<\/a><\/td>\n<\/tr>\n<tr style=\"height: 23px;\">\n<td style=\"width: 1.49925%; text-align: left; height: 23px;\" colspan=\"2\"><span style=\"color: #0000ff;\"><strong>ADMI &#8211; Adventist Deaf Ministries International<\/strong><\/span><\/td>\n<\/tr>\n<tr style=\"height: 46.125px;\">\n<td style=\"width: 1.49925%; text-align: left; height: 46.125px;\" colspan=\"2\">\n<h5><a href=\"https:\/\/www.adventistdeaf.org\/\">adventistdeaf.org<\/a>\u00a0&#8211; novinky\u00a0<a href=\"https:\/\/www.adventistdeaf.org\/news\">adventistdeaf.org\/news<\/a><\/h5>\n<\/td>\n<\/tr>\n<tr style=\"height: 23px;\">\n<td style=\"width: 1.49925%; text-align: left; height: 23px;\" colspan=\"2\"><span style=\"color: #0000ff;\"><strong>SNM &#8211; Special Needs Ministries &#8211; Adventist Possibility Ministries<\/strong><\/span><\/td>\n<\/tr>\n<tr style=\"height: 23px;\">\n<td style=\"width: 1.49925%; text-align: left; height: 23px;\" colspan=\"2\"><span style=\"color: #0000ff;\"><strong><a href=\"https:\/\/www.deafchurchonline.org\/index.php\">Deaf church online metting<\/a><\/strong><\/span><\/td>\n<\/tr>\n<tr style=\"height: 23px;\">\n<td style=\"width: 1.49925%; text-align: left; height: 23px;\" colspan=\"2\">\n<h5><strong><a href=\"https:\/\/www.possibilityministries.org\/\" class=\"broken_link\">Adventist Possibility Ministries &#8211; Adventist Special Needs Ministries<\/a><\/strong><\/h5>\n<\/td>\n<\/tr>\n<tr style=\"height: 23px;\">\n<td style=\"width: 1.49925%; text-align: left; height: 23px;\" colspan=\"2\"><span style=\"color: #ff6600;\"><strong>\u00a0dal\u0161\u00ed aktivity ASD<\/strong><\/span><\/td>\n<\/tr>\n<tr style=\"height: 46px;\">\n<td style=\"width: 1.49925%; text-align: left; height: 46px;\" colspan=\"2\">\u00a0<a href=\"http:\/\/www.sobotniskola.casd.cz\"><strong>www.sobotniskola.casd.cz<\/strong><\/a>\n<p>\u00a0<\/p>\n<p>110 dn\u00ed modliteb &#8211; http:\/\/revivalandreformation.org\/100days<\/p>\n<\/td>\n<\/tr>\n<\/tbody>\n<\/table>\n<h5>\u00a0<\/h5>","protected":false},"excerpt":{"rendered":"<p>. . . Adventist\u00e9 v \u010cR a SR web\u00a0C\u00edrkev adventist\u016f sedm\u00e9ho dne v \u010cesk\u00e9 republice a na Slovensku\u00a0(\u010cesko-Slovensk\u00e1 unie) web\u00a0Cirkev adventistov siedmeho d\u0148a na Slovensku\u00a0(Slovensk\u00e9 sdru\u017een\u00ed) web\u00a0\u010cesk\u00e9 sdru\u017een\u00ed C\u00edrkve adventist\u016f sedm\u00e9ho dne v \u010cesk\u00e9 republice\u00a0(\u010cesk\u00e9 sdru\u017een\u00ed) web\u00a0Moravsk\u00e9 sdru\u017een\u00ed C\u00edrkve adventist\u016f sedm\u00e9ho dne v \u010cesk\u00e9 republice\u00a0(Moravsk\u00e9 sdru\u017een\u00ed) Adventist\u00e9 ve sv\u011bt\u011b Seventh Day Adventist Church Slu\u017eba lidem &#8230; <a title=\"Kam d\u00e1l&#8230;\" class=\"read-more\" href=\"https:\/\/neslysici.casd.cz\/?page_id=224\" aria-label=\"\u010c\u00edst v\u00edce o Kam d\u00e1l&#8230;\">\u010c\u00edst d\u00e1l<\/a><\/p>\n","protected":false},"author":3,"featured_media":0,"parent":0,"menu_order":20,"comment_status":"closed","ping_status":"closed","template":"","meta":{"_et_pb_use_builder":"","_et_pb_old_content":"","_et_gb_content_width":"","footnotes":""},"class_list":["post-224","page","type-page","status-publish"],"_links":{"self":[{"href":"https:\/\/neslysici.casd.cz\/index.php?rest_route=\/wp\/v2\/pages\/224","targetHints":{"allow":["GET"]}}],"collection":[{"href":"https:\/\/neslysici.casd.cz\/index.php?rest_route=\/wp\/v2\/pages"}],"about":[{"href":"https:\/\/neslysici.casd.cz\/index.php?rest_route=\/wp\/v2\/types\/page"}],"author":[{"embeddable":true,"href":"https:\/\/neslysici.casd.cz\/index.php?rest_route=\/wp\/v2\/users\/3"}],"replies":[{"embeddable":true,"href":"https:\/\/neslysici.casd.cz\/index.php?rest_route=%2Fwp%2Fv2%2Fcomments&post=224"}],"version-history":[{"count":4,"href":"https:\/\/neslysici.casd.cz\/index.php?rest_route=\/wp\/v2\/pages\/224\/revisions"}],"predecessor-version":[{"id":2553,"href":"https:\/\/neslysici.casd.cz\/index.php?rest_route=\/wp\/v2\/pages\/224\/revisions\/2553"}],"wp:attachment":[{"href":"https:\/\/neslysici.casd.cz\/index.php?rest_route=%2Fwp%2Fv2%2Fmedia&parent=224"}],"curies":[{"name":"wp","href":"https:\/\/api.w.org\/{rel}","templated":true}]}}

Kam dál&#8230;

<p>.</p>
<p>.</p>
<p>.</p>


<table style="height: 100px; width: 79.4302%;">
<tbody>
<tr style="height: 23px;">
<td style="width: 1.49925%; text-align: left; height: 23px;" colspan="2">
<h2><span style="color: #0000ff;"><strong>Adventisté v ČR a SR</strong></span></h2>
</td>
</tr>
<tr style="height: 187px;">
<td style="width: 1.49925%; height: 135px; text-align: left;" colspan="2">
<h5><strong>web <a href="http://www.casd.cz/">Církev adventistů sedmého dne v České republice a na Slovensku</a></strong> (Česko-Slovenská unie)</h5>
<h5><strong>web <a href="http://www.casd.sk/">Cirkev adventistov siedmeho dňa na Slovensku</a></strong> (Slovenské sdružení)</h5>
<h5><strong>web <a href="https://ceskesdruzeni.cz/sbory/">České sdružení Církve adventistů sedmého dne v České republice</a> </strong>(České sdružení)</h5>
<h5><strong>web <a href="https://mss.casd.cz/">Moravské sdružení Církve adventistů sedmého dne v České republice</a></strong> (Moravské sdružení)</h5>
</td>
</tr>
<tr style="height: 23px;">
<td style="width: 1.49925%; height: 23px;" colspan="2">
<h2><span style="color: #0000ff;"><strong>Adventisté ve světě</strong></span></h2>
</td>
</tr>
<tr style="height: 104px;">
<td style="width: 1.49925%; height: 104px;" colspan="2">
<h5><a href="https://www.adventist.org/" class="broken_link"><strong>Seventh Day Adventist Church</strong></a></h5>
</td>
</tr>
<tr style="height: 23px;">
<td style="width: 1.49925%; text-align: left; height: 23px;" colspan="2"><span style="color: #0000ff;"><strong>Služba lidem se speciálními potřebami v ČR</strong></span></td>
</tr>
<tr style="height: 23px;">
<td style="width: 1.49925%; text-align: left; height: 23px;" colspan="2"><a href="https://bezbarier.casd.cz/">Bez bariér</a></td>
</tr>
<tr style="height: 23px;">
<td style="width: 1.49925%; text-align: left; height: 23px;" colspan="2"><span style="color: #0000ff;"><strong>ADMI &#8211; Adventist Deaf Ministries International</strong></span></td>
</tr>
<tr style="height: 46.125px;">
<td style="width: 1.49925%; text-align: left; height: 46.125px;" colspan="2">
<h5><a href="https://www.adventistdeaf.org/">adventistdeaf.org</a> &#8211; novinky <a href="https://www.adventistdeaf.org/news">adventistdeaf.org/news</a></h5>
</td>
</tr>
<tr style="height: 23px;">
<td style="width: 1.49925%; text-align: left; height: 23px;" colspan="2"><span style="color: #0000ff;"><strong>SNM &#8211; Special Needs Ministries &#8211; Adventist Possibility Ministries</strong></span></td>
</tr>
<tr style="height: 23px;">
<td style="width: 1.49925%; text-align: left; height: 23px;" colspan="2"><span style="color: #0000ff;"><strong><a href="https://www.deafchurchonline.org/index.php">Deaf church online metting</a></strong></span></td>
</tr>
<tr style="height: 23px;">
<td style="width: 1.49925%; text-align: left; height: 23px;" colspan="2">
<h5><strong><a href="https://www.possibilityministries.org/" class="broken_link">Adventist Possibility Ministries &#8211; Adventist Special Needs Ministries</a></strong></h5>
</td>
</tr>
<tr style="height: 23px;">
<td style="width: 1.49925%; text-align: left; height: 23px;" colspan="2"><span style="color: #ff6600;"><strong> další aktivity ASD</strong></span></td>
</tr>
<tr style="height: 46px;">
<td style="width: 1.49925%; text-align: left; height: 46px;" colspan="2"> <a href="http://www.sobotniskola.casd.cz"><strong>www.sobotniskola.casd.cz</strong></a>
<p> </p>
<p>110 dní modliteb &#8211; http://revivalandreformation.org/100days</p>
</td>
</tr>
</tbody>
</table>
<h5> </h5>

<p>. . . Adventisté v ČR a SR web Církev adventistů sedmého dne v České republice a na Slovensku (Česko-Slovenská unie) web Cirkev adventistov siedmeho dňa na Slovensku (Slovenské sdružení) web České sdružení Církve adventistů sedmého dne v České republice (České sdružení) web Moravské sdružení Církve adventistů sedmého dne v České republice (Moravské sdružení) Adventisté ve světě Seventh Day Adventist Church Služba lidem &#8230; <a title="Kam dál&#8230;" class="read-more" href="https://neslysici.casd.cz/?page_id=224" aria-label="Číst více o Kam dál&#8230;">Číst dál</a></p>
