{"id":237,"date":"2016-02-03T21:33:14","date_gmt":"2016-02-03T20:33:14","guid":{"rendered":"http:\/\/neslysici.casd.cz\/?page_id=237"},"modified":"2022-01-11T13:33:48","modified_gmt":"2022-01-11T12:33:48","slug":"sobotni-skola-titulky-cz","status":"publish","type":"page","link":"https:\/\/neslysici.casd.cz\/?page_id=237","title":{"rendered":"SOBOTN\u00cd \u0160KOLA"},"content":{"rendered":"<header class=\"entry-header\"><\/header>\n<p><span style=\"background-color: #ffffff; color: #ffffff;\"><strong style=\"font-size: revert; background-color: #ffffff;\">.<\/strong><\/span><\/p>\n<p><span style=\"background-color: #ffffff; color: #ffffff;\"><strong style=\"font-size: revert; background-color: #ffffff;\">.<\/strong><\/span><\/p>\n<p><span style=\"background-color: #ffffff; color: #ffffff;\"><strong style=\"font-size: revert; background-color: #ffffff;\">.<\/strong><\/span><\/p>\n<p><strong style=\"color: #008080; font-size: revert;\">SOBOTN\u00cd \u0160KOLA\u00a0<\/strong><\/p>\n<div class=\"entry-content\">\n<p align=\"justify\"><span style=\"color: #008080;\"><strong>Je celosv\u011btov\u00e1 aktivita adventist\u016f sedm\u00e9ho dne.<\/strong><\/span> Ka\u017ed\u00e9 \u010dtvrtlet\u00ed se studuje biblick\u00e9 t\u00e9ma. T\u00e9mata jsou zpracovan\u00e9 do \u00fakolu, a ka\u017ed\u00fd den se studuje t\u00e9ma. V sobotn\u00ed \u0161kole se nad probran\u00fdmi t\u00e9maty diskutuje.\u00a0Studium sobotn\u00ed \u0161koly n\u00e1s spojuje, u\u010d\u00ed n\u00e1s b\u00fdt spolu a sd\u00edl\u00edme sv\u00e9 starosti. U\u010d\u00edme se b\u00fdt bl\u00ed\u017ee Je\u017e\u00ed\u0161i a studovat Bibli. Pozn\u00e1v\u00e1me sv\u011bt a druh\u00e9 kolem n\u00e1s. <span style=\"color: #008080;\">Sobotn\u00ed \u0161kola je jedine\u010dn\u00e1 a <strong>charakteristick\u00e1 pro c\u00edrkev ASD<\/strong>.<\/span><\/p>\n<p>V\u00edce informac\u00ed najdete: https:\/\/sobotniskola.casd.cz\/<\/p>\n<\/div>\n","protected":false},"excerpt":{"rendered":"<p>. . . SOBOTN\u00cd \u0160KOLA\u00a0 Je celosv\u011btov\u00e1 aktivita adventist\u016f sedm\u00e9ho dne. Ka\u017ed\u00e9 \u010dtvrtlet\u00ed se studuje biblick\u00e9 t\u00e9ma. T\u00e9mata jsou zpracovan\u00e9 do \u00fakolu, a ka\u017ed\u00fd den se studuje t\u00e9ma. V sobotn\u00ed \u0161kole se nad probran\u00fdmi t\u00e9maty diskutuje.\u00a0Studium sobotn\u00ed \u0161koly n\u00e1s spojuje, u\u010d\u00ed n\u00e1s b\u00fdt spolu a sd\u00edl\u00edme sv\u00e9 starosti. U\u010d\u00edme se b\u00fdt bl\u00ed\u017ee Je\u017e\u00ed\u0161i a studovat &#8230; <a title=\"SOBOTN\u00cd \u0160KOLA\" class=\"read-more\" href=\"https:\/\/neslysici.casd.cz\/?page_id=237\" aria-label=\"\u010c\u00edst v\u00edce o SOBOTN\u00cd \u0160KOLA\">\u010c\u00edst d\u00e1l<\/a><\/p>\n","protected":false},"author":3,"featured_media":0,"parent":0,"menu_order":14,"comment_status":"closed","ping_status":"open","template":"","meta":{"_et_pb_use_builder":"","_et_pb_old_content":"","_et_gb_content_width":"","footnotes":""},"class_list":["post-237","page","type-page","status-publish"],"_links":{"self":[{"href":"https:\/\/neslysici.casd.cz\/index.php?rest_route=\/wp\/v2\/pages\/237","targetHints":{"allow":["GET"]}}],"collection":[{"href":"https:\/\/neslysici.casd.cz\/index.php?rest_route=\/wp\/v2\/pages"}],"about":[{"href":"https:\/\/neslysici.casd.cz\/index.php?rest_route=\/wp\/v2\/types\/page"}],"author":[{"embeddable":true,"href":"https:\/\/neslysici.casd.cz\/index.php?rest_route=\/wp\/v2\/users\/3"}],"replies":[{"embeddable":true,"href":"https:\/\/neslysici.casd.cz\/index.php?rest_route=%2Fwp%2Fv2%2Fcomments&post=237"}],"version-history":[{"count":4,"href":"https:\/\/neslysici.casd.cz\/index.php?rest_route=\/wp\/v2\/pages\/237\/revisions"}],"predecessor-version":[{"id":2559,"href":"https:\/\/neslysici.casd.cz\/index.php?rest_route=\/wp\/v2\/pages\/237\/revisions\/2559"}],"wp:attachment":[{"href":"https:\/\/neslysici.casd.cz\/index.php?rest_route=%2Fwp%2Fv2%2Fmedia&parent=237"}],"curies":[{"name":"wp","href":"https:\/\/api.w.org\/{rel}","templated":true}]}}

SOBOTNÍ ŠKOLA

<header class="entry-header"></header>
<p><span style="background-color: #ffffff; color: #ffffff;"><strong style="font-size: revert; background-color: #ffffff;">.</strong></span></p>
<p><span style="background-color: #ffffff; color: #ffffff;"><strong style="font-size: revert; background-color: #ffffff;">.</strong></span></p>
<p><span style="background-color: #ffffff; color: #ffffff;"><strong style="font-size: revert; background-color: #ffffff;">.</strong></span></p>
<p><strong style="color: #008080; font-size: revert;">SOBOTNÍ ŠKOLA </strong></p>
<div class="entry-content">
<p align="justify"><span style="color: #008080;"><strong>Je celosvětová aktivita adventistů sedmého dne.</strong></span> Každé čtvrtletí se studuje biblické téma. Témata jsou zpracované do úkolu, a každý den se studuje téma. V sobotní škole se nad probranými tématy diskutuje. Studium sobotní školy nás spojuje, učí nás být spolu a sdílíme své starosti. Učíme se být blíže Ježíši a studovat Bibli. Poznáváme svět a druhé kolem nás. <span style="color: #008080;">Sobotní škola je jedinečná a <strong>charakteristická pro církev ASD</strong>.</span></p>
<p>Více informací najdete: https://sobotniskola.casd.cz/</p>
</div>

<p>. . . SOBOTNÍ ŠKOLA  Je celosvětová aktivita adventistů sedmého dne. Každé čtvrtletí se studuje biblické téma. Témata jsou zpracované do úkolu, a každý den se studuje téma. V sobotní škole se nad probranými tématy diskutuje. Studium sobotní školy nás spojuje, učí nás být spolu a sdílíme své starosti. Učíme se být blíže Ježíši a studovat &#8230; <a title="SOBOTNÍ ŠKOLA" class="read-more" href="https://neslysici.casd.cz/?page_id=237" aria-label="Číst více o SOBOTNÍ ŠKOLA">Číst dál</a></p>
