{"id":43,"date":"2014-10-17T16:33:49","date_gmt":"2014-10-17T14:33:49","guid":{"rendered":"http:\/\/neslysici.casd.cz\/?page_id=43"},"modified":"2022-01-11T13:26:08","modified_gmt":"2022-01-11T12:26:08","slug":"kontakt","status":"publish","type":"page","link":"https:\/\/neslysici.casd.cz\/?page_id=43","title":{"rendered":"Kontakty"},"content":{"rendered":"<p><strong><em>.<\/em><\/strong><\/p>\n<p><strong><em>.<\/em><\/strong><\/p>\n<p><strong><em>.<\/em><\/strong><\/p>\n<p><strong><em>nesly\u0161\u00edc\u00ed <\/em>&#8211; Jitka Mor\u00e1vkov\u00e1 &#8211; koordin\u00e1tor projektu pro Nesly\u0161ic\u00ed a nedosl\u00fdchav\u00e9 v \u010cSU CASD<\/strong><\/p>\n<p>mobil: 608 979 112 jen textov\u00e9 zpr\u00e1vy p\u0159es jakoukoliv aplikaci, email: MoravkovaJitka@seznam.cz<\/p>\n<hr \/>\n<p style=\"text-align: left;\"><strong><em>sly\u0161\u00edc\u00ed<\/em> &#8211; Josef Slow\u00edk &#8211; hlavn\u00ed koordin\u00e1tor projekt\u016f Adventist Possibility Ministries (APM) v \u010cSU CASD<\/strong><\/p>\n<p style=\"text-align: left;\">mobil: 737 175 557, email: josef.slowik@volny.cz nebo bezbarier@casd.cz<\/p>\n<hr \/>\n<p style=\"text-align: left;\"><strong><em>sly\u0161\u00edc\u00ed<\/em> &#8211;\u00a0tlumo\u010dnice do ZJ &#8211; Noema \u010capkov\u00e1<\/strong><\/p>\n<p style=\"text-align: left;\">mobil: 608 426 680, email: noema@email.cz<\/p>\n<p style=\"text-align: left;\">\n<hr \/>\n<p style=\"text-align: left;\">\n<p style=\"text-align: left;\"><strong><em>sly\u0161\u00edc\u00ed<\/em><em> &#8211; k<\/em>oordin\u00e1torka p\u0159episu &#8211; Halina Krapkov\u00e1<\/strong><\/p>\n<p style=\"text-align: left;\">mobil:\u00a0 email: halina.krapkova@seznam.cz<\/p>\n<hr \/>\n<p><a href=\"https:\/\/neslysici.casd.cz\/wp-content\/uploads\/2014\/10\/DSCN3182.jpg\"><img loading=\"lazy\" decoding=\"async\" class=\" wp-image-274 alignright\" src=\"https:\/\/neslysici.casd.cz\/wp-content\/uploads\/2014\/10\/DSCN3182.jpg\" alt=\"DSCN3182\" width=\"328\" height=\"247\" srcset=\"https:\/\/neslysici.casd.cz\/wp-content\/uploads\/2014\/10\/DSCN3182.jpg 333w, https:\/\/neslysici.casd.cz\/wp-content\/uploads\/2014\/10\/DSCN3182-300x225.jpg 300w\" sizes=\"auto, (max-width: 328px) 100vw, 328px\" \/><\/a><\/p>\n<p><strong><em>sly\u0161\u00edc\u00ed<\/em> &#8211; pastor Jarom\u00edr Loder<\/strong><\/p>\n<p>mobil: 732 522 556<\/p>\n<p>email: jaromir.loder@centrum.cz<\/p>\n<p><strong>Adresa sboru CASD Stra\u0161nice Praha 10 &#8211; Stra\u0161nice, kde se sch\u00e1zej\u00ed N<\/strong><strong>esly\u0161\u00edc\u00ed\u00a0<\/strong><br \/>\nVilov\u00e1 512\/26<br \/>\n100 00 Praha 10 &#8211; Stra\u0161nice<\/p>\n<p>Metro: Stra\u0161nick\u00e1, pot\u00e9 5 minut p\u011b\u0161ky ke kostelu ECM na Vilov\u00e9 ulici<\/p>\n<p>Tram: zast\u00e1vka Stra\u0161nick\u00e1 nebo Vozovna Stra\u0161nice<\/p>\n","protected":false},"excerpt":{"rendered":"<p>. . . nesly\u0161\u00edc\u00ed &#8211; Jitka Mor\u00e1vkov\u00e1 &#8211; koordin\u00e1tor projektu pro Nesly\u0161ic\u00ed a nedosl\u00fdchav\u00e9 v \u010cSU CASD mobil: 608 979 112 jen textov\u00e9 zpr\u00e1vy p\u0159es jakoukoliv aplikaci, email: MoravkovaJitka@seznam.cz sly\u0161\u00edc\u00ed &#8211; Josef Slow\u00edk &#8211; hlavn\u00ed koordin\u00e1tor projekt\u016f Adventist Possibility Ministries (APM) v \u010cSU CASD mobil: 737 175 557, email: josef.slowik@volny.cz nebo bezbarier@casd.cz sly\u0161\u00edc\u00ed &#8211;\u00a0tlumo\u010dnice do &#8230; <a title=\"Kontakty\" class=\"read-more\" href=\"https:\/\/neslysici.casd.cz\/?page_id=43\" aria-label=\"\u010c\u00edst v\u00edce o Kontakty\">\u010c\u00edst d\u00e1l<\/a><\/p>\n","protected":false},"author":1,"featured_media":0,"parent":0,"menu_order":19,"comment_status":"closed","ping_status":"open","template":"","meta":{"_et_pb_use_builder":"","_et_pb_old_content":"","_et_gb_content_width":"","footnotes":""},"class_list":["post-43","page","type-page","status-publish"],"_links":{"self":[{"href":"https:\/\/neslysici.casd.cz\/index.php?rest_route=\/wp\/v2\/pages\/43","targetHints":{"allow":["GET"]}}],"collection":[{"href":"https:\/\/neslysici.casd.cz\/index.php?rest_route=\/wp\/v2\/pages"}],"about":[{"href":"https:\/\/neslysici.casd.cz\/index.php?rest_route=\/wp\/v2\/types\/page"}],"author":[{"embeddable":true,"href":"https:\/\/neslysici.casd.cz\/index.php?rest_route=\/wp\/v2\/users\/1"}],"replies":[{"embeddable":true,"href":"https:\/\/neslysici.casd.cz\/index.php?rest_route=%2Fwp%2Fv2%2Fcomments&post=43"}],"version-history":[{"count":4,"href":"https:\/\/neslysici.casd.cz\/index.php?rest_route=\/wp\/v2\/pages\/43\/revisions"}],"predecessor-version":[{"id":2550,"href":"https:\/\/neslysici.casd.cz\/index.php?rest_route=\/wp\/v2\/pages\/43\/revisions\/2550"}],"wp:attachment":[{"href":"https:\/\/neslysici.casd.cz\/index.php?rest_route=%2Fwp%2Fv2%2Fmedia&parent=43"}],"curies":[{"name":"wp","href":"https:\/\/api.w.org\/{rel}","templated":true}]}}

<p><strong><em>.</em></strong></p>
<p><strong><em>.</em></strong></p>
<p><strong><em>.</em></strong></p>
<p><strong><em>neslyšící </em>&#8211; Jitka Morávková &#8211; koordinátor projektu pro Neslyšicí a nedoslýchavé v ČSU CASD</strong></p>
<p>mobil: 608 979 112 jen textové zprávy přes jakoukoliv aplikaci, email: MoravkovaJitka@seznam.cz</p>
<hr />
<p style="text-align: left;"><strong><em>slyšící</em> &#8211; Josef Slowík &#8211; hlavní koordinátor projektů Adventist Possibility Ministries (APM) v ČSU CASD</strong></p>
<p style="text-align: left;">mobil: 737 175 557, email: josef.slowik@volny.cz nebo bezbarier@casd.cz</p>
<hr />
<p style="text-align: left;"><strong><em>slyšící</em> &#8211; tlumočnice do ZJ &#8211; Noema Čapková</strong></p>
<p style="text-align: left;">mobil: 608 426 680, email: noema@email.cz</p>
<p style="text-align: left;">
<hr />
<p style="text-align: left;">
<p style="text-align: left;"><strong><em>slyšící</em><em> &#8211; k</em>oordinátorka přepisu &#8211; Halina Krapková</strong></p>
<p style="text-align: left;">mobil:  email: halina.krapkova@seznam.cz</p>
<hr />
<p><a href="https://neslysici.casd.cz/wp-content/uploads/2014/10/DSCN3182.jpg"><img loading="lazy" decoding="async" class=" wp-image-274 alignright" src="https://neslysici.casd.cz/wp-content/uploads/2014/10/DSCN3182.jpg" alt="DSCN3182" width="328" height="247" srcset="https://neslysici.casd.cz/wp-content/uploads/2014/10/DSCN3182.jpg 333w, https://neslysici.casd.cz/wp-content/uploads/2014/10/DSCN3182-300x225.jpg 300w" sizes="auto, (max-width: 328px) 100vw, 328px" /></a></p>
<p><strong><em>slyšící</em> &#8211; pastor Jaromír Loder</strong></p>
<p>mobil: 732 522 556</p>
<p>email: jaromir.loder@centrum.cz</p>
<p><strong>Adresa sboru CASD Strašnice Praha 10 &#8211; Strašnice, kde se scházejí N</strong><strong>eslyšící </strong><br />
Vilová 512/26<br />
100 00 Praha 10 &#8211; Strašnice</p>
<p>Metro: Strašnická, poté 5 minut pěšky ke kostelu ECM na Vilové ulici</p>
<p>Tram: zastávka Strašnická nebo Vozovna Strašnice</p>

<p>. . . neslyšící &#8211; Jitka Morávková &#8211; koordinátor projektu pro Neslyšicí a nedoslýchavé v ČSU CASD mobil: 608 979 112 jen textové zprávy přes jakoukoliv aplikaci, email: MoravkovaJitka@seznam.cz slyšící &#8211; Josef Slowík &#8211; hlavní koordinátor projektů Adventist Possibility Ministries (APM) v ČSU CASD mobil: 737 175 557, email: josef.slowik@volny.cz nebo bezbarier@casd.cz slyšící &#8211; tlumočnice do &#8230; <a title="Kontakty" class="read-more" href="https://neslysici.casd.cz/?page_id=43" aria-label="Číst více o Kontakty">Číst dál</a></p>
