{"id":945,"date":"2020-03-08T19:02:14","date_gmt":"2020-03-08T18:02:14","guid":{"rendered":"http:\/\/neslysici.casd.cz\/?page_id=945"},"modified":"2020-03-15T19:28:32","modified_gmt":"2020-03-15T18:28:32","slug":"2015-2","status":"publish","type":"page","link":"https:\/\/neslysici.casd.cz\/?page_id=945","title":{"rendered":"2015"},"content":{"rendered":"<h4><strong>Leden 2015<\/strong> &#8211; <strong>Je\u017e\u00ed\u0161 pro nesly\u0161\u00edc\u00ed, nesly\u0161\u00edc\u00ed pro Je\u017e\u00ed\u0161e<\/strong><\/h4>\n<p>Pozv\u00e1nka do sboru v Jesen\u00edku, kde jsme se uskute\u010dnila bohoslu\u017ebu s tlumo\u010den\u00edm do znakov\u00e9ho jazyka. \u00a0Jako host\u00e9 jsme odpoledne vypr\u00e1v\u011bli, jak\u00e9 je to \u017e\u00edt ve &#8222;sv\u011bt\u011b ticha&#8220;. Jitka Mor\u00e1vkov\u00e1 prezentovala po\u010d\u00ednaj\u00edc\u00ed slu\u017ebu Nesly\u0161\u00edc\u00edm adventist\u016fm. U\u010dili jsme se i z\u00e1klady znakov\u00e9ho jazyka.\u00a0Byla to sobota pln\u00e1 nov\u00fdch setk\u00e1n\u00ed a pro\u017e\u00edv\u00e1n\u00ed Bo\u017e\u00ed bl\u00edzkosti. D\u011bkujeme man\u017eel\u016fm Mor\u00e1vkov\u00fdm, sest\u0159e Leon\u011b Srokov\u00e9, Karle \u0160kutov\u00e9 i ostatn\u00edm bratr\u016fm a sestr\u00e1m za jejich pod\u00edl na cel\u00e9m programu. D\u011bkujeme Bohu za jeho l\u00e1sku a p\u00e9\u010di. (Bronislava Hyvnarov\u00e1)<\/p>\n<p><a href=\"https:\/\/neslysici.casd.cz\/wp-content\/uploads\/2015\/10\/pozvanka.jpg\"><img loading=\"lazy\" decoding=\"async\" class=\"alignleft size-thumbnail wp-image-432\" src=\"https:\/\/neslysici.casd.cz\/wp-content\/uploads\/2015\/10\/pozvanka-150x150.jpg\" alt=\"pozvanka\" width=\"150\" height=\"150\" \/><\/a><\/p>\n<p><a href=\"https:\/\/neslysici.casd.cz\/wp-content\/uploads\/2015\/10\/IMG_8730-1024x768.jpg\"><img loading=\"lazy\" decoding=\"async\" class=\"alignleft size-thumbnail wp-image-431\" src=\"https:\/\/neslysici.casd.cz\/wp-content\/uploads\/2015\/10\/IMG_8730-1024x768-150x150.jpg\" alt=\"IMG_8730-1024x768\" width=\"150\" height=\"150\" \/><\/a><a href=\"https:\/\/neslysici.casd.cz\/wp-content\/uploads\/2015\/10\/IMG_8737-1024x768.jpg\"><img loading=\"lazy\" decoding=\"async\" class=\"alignleft size-thumbnail wp-image-428\" src=\"https:\/\/neslysici.casd.cz\/wp-content\/uploads\/2015\/10\/IMG_8737-1024x768-150x150.jpg\" alt=\"IMG_8737-1024x768\" width=\"150\" height=\"150\" \/><\/a><\/p>\n<p><a href=\"https:\/\/neslysici.casd.cz\/wp-content\/uploads\/2015\/10\/IMG_8736-1024x768.jpg\"><img loading=\"lazy\" decoding=\"async\" class=\"alignleft size-thumbnail wp-image-429\" src=\"https:\/\/neslysici.casd.cz\/wp-content\/uploads\/2015\/10\/IMG_8736-1024x768-150x150.jpg\" alt=\"IMG_8736-1024x768\" width=\"150\" height=\"150\" \/><\/a><\/p>\n<p>&nbsp;<\/p>\n<p>&nbsp;<\/p>\n<p>&nbsp;<\/p>\n<p>&nbsp;<\/p>\n<p>&nbsp;<\/p>\n<h4><strong>Listopad 2015\u00a0&#8211; bohoslu\u017eba pro nesly\u0161\u00edc\u00ed &#8211;\u00a0Jesen\u00edk<\/strong><\/h4>\n<p>Op\u011bt bohoslu\u017eba v Jesen\u00edku &#8211; <strong>k\u00e1z\u00e1n\u00ed Bro\u0148ky Hyvnarov\u00e9 bylo\u00a0o proroku Eli\u00e1\u0161ovi<\/strong>.\u00a0Eli\u00e1\u0161 byl Bo\u017e\u00ed slu\u017eebn\u00edk. Naslouchal Bohu i lidem. M\u011bl otev\u0159en\u00e9 srdce. Hl\u00e1sal: \u201eHospodin je m\u016fj B\u016fh.\u201c Mluvil slovy i beze slov. Tot\u00e9\u017e chce B\u016fh po n\u00e1s. I my m\u00e1me sv\u00fdm chov\u00e1n\u00edm i slovy ukazovat:\u00a0<strong>\u201eM\u016fj B\u016fh je Hospodin\u201c<\/strong>. Eli\u00e1\u0161em m\u00e1 b\u00fdt ka\u017ed\u00fd z n\u00e1s.<\/p>\n<p>Odpoledne se n\u00e1m u\u017e pot\u0159et\u00ed otev\u0159el sv\u011bt ticha \u2013 sv\u011bt nesly\u0161\u00edc\u00edch. Pov\u00edd\u00e1n\u00ed o nesly\u0161\u00edc\u00edch rodi\u010d\u00edch, pov\u00edd\u00e1n\u00ed o nesly\u0161\u00edc\u00edch d\u011btech. I my se u\u010d\u00edme komunikovat se sv\u00fdmi d\u011btmi.\u00a0Je to kr\u00e1sn\u00e9 + slo\u017eit\u00e9. Chceme um\u011bt komunikovat. Nesly\u0161\u00edc\u00ed jsou v na\u0161em sboru v\u00edt\u00e1ni.<\/p>\n<p><a href=\"https:\/\/neslysici.casd.cz\/wp-content\/uploads\/2016\/03\/DSC00126.jpg\"><img loading=\"lazy\" decoding=\"async\" class=\"alignnone size-thumbnail wp-image-440\" src=\"https:\/\/neslysici.casd.cz\/wp-content\/uploads\/2016\/03\/DSC00126-150x150.jpg\" alt=\"DSC00126\" width=\"150\" height=\"150\" \/><\/a>\u00a0\u00a0<a href=\"https:\/\/neslysici.casd.cz\/wp-content\/uploads\/2016\/03\/DSC00121.jpg\"><img loading=\"lazy\" decoding=\"async\" class=\"alignnone size-thumbnail wp-image-442\" src=\"https:\/\/neslysici.casd.cz\/wp-content\/uploads\/2016\/03\/DSC00121-150x150.jpg\" alt=\"DSC00121\" width=\"150\" height=\"150\" \/><\/a>\u00a0<a href=\"https:\/\/neslysici.casd.cz\/wp-content\/uploads\/2016\/03\/DSC00120.jpg\"><img loading=\"lazy\" decoding=\"async\" class=\"alignnone size-thumbnail wp-image-443\" src=\"https:\/\/neslysici.casd.cz\/wp-content\/uploads\/2016\/03\/DSC00120-150x150.jpg\" alt=\"DSC00120\" width=\"150\" height=\"150\" \/><\/a>\u00a0\u00a0<a href=\"https:\/\/neslysici.casd.cz\/wp-content\/uploads\/2016\/03\/DSC00057.jpg\"><img loading=\"lazy\" decoding=\"async\" class=\"alignnone size-thumbnail wp-image-456\" src=\"https:\/\/neslysici.casd.cz\/wp-content\/uploads\/2016\/03\/DSC00057-150x150.jpg\" alt=\"DSC00057\" width=\"150\" height=\"150\" \/><\/a>\u00a0<a href=\"https:\/\/neslysici.casd.cz\/wp-content\/uploads\/2016\/03\/DSC00056.jpg\"><img loading=\"lazy\" decoding=\"async\" class=\"alignnone size-thumbnail wp-image-457\" src=\"https:\/\/neslysici.casd.cz\/wp-content\/uploads\/2016\/03\/DSC00056-150x150.jpg\" alt=\"DSC00056\" width=\"150\" height=\"150\" \/><\/a><\/p>\n","protected":false},"excerpt":{"rendered":"<p>Leden 2015 &#8211; Je\u017e\u00ed\u0161 pro nesly\u0161\u00edc\u00ed, nesly\u0161\u00edc\u00ed pro Je\u017e\u00ed\u0161e Pozv\u00e1nka do sboru v Jesen\u00edku, kde jsme se uskute\u010dnila bohoslu\u017ebu s tlumo\u010den\u00edm do znakov\u00e9ho jazyka. \u00a0Jako host\u00e9 jsme odpoledne vypr\u00e1v\u011bli, jak\u00e9 je to \u017e\u00edt ve &#8222;sv\u011bt\u011b ticha&#8220;. Jitka Mor\u00e1vkov\u00e1 prezentovala po\u010d\u00ednaj\u00edc\u00ed slu\u017ebu Nesly\u0161\u00edc\u00edm adventist\u016fm. U\u010dili jsme se i z\u00e1klady znakov\u00e9ho jazyka.\u00a0Byla to sobota pln\u00e1 nov\u00fdch setk\u00e1n\u00ed &#8230; <a title=\"2015\" class=\"read-more\" href=\"https:\/\/neslysici.casd.cz\/?page_id=945\" aria-label=\"\u010c\u00edst v\u00edce o 2015\">\u010c\u00edst d\u00e1l<\/a><\/p>\n","protected":false},"author":3,"featured_media":0,"parent":0,"menu_order":16,"comment_status":"closed","ping_status":"closed","template":"","meta":{"_et_pb_use_builder":"","_et_pb_old_content":"","_et_gb_content_width":"","footnotes":""},"class_list":["post-945","page","type-page","status-publish"],"_links":{"self":[{"href":"https:\/\/neslysici.casd.cz\/index.php?rest_route=\/wp\/v2\/pages\/945","targetHints":{"allow":["GET"]}}],"collection":[{"href":"https:\/\/neslysici.casd.cz\/index.php?rest_route=\/wp\/v2\/pages"}],"about":[{"href":"https:\/\/neslysici.casd.cz\/index.php?rest_route=\/wp\/v2\/types\/page"}],"author":[{"embeddable":true,"href":"https:\/\/neslysici.casd.cz\/index.php?rest_route=\/wp\/v2\/users\/3"}],"replies":[{"embeddable":true,"href":"https:\/\/neslysici.casd.cz\/index.php?rest_route=%2Fwp%2Fv2%2Fcomments&post=945"}],"version-history":[{"count":9,"href":"https:\/\/neslysici.casd.cz\/index.php?rest_route=\/wp\/v2\/pages\/945\/revisions"}],"predecessor-version":[{"id":1261,"href":"https:\/\/neslysici.casd.cz\/index.php?rest_route=\/wp\/v2\/pages\/945\/revisions\/1261"}],"wp:attachment":[{"href":"https:\/\/neslysici.casd.cz\/index.php?rest_route=%2Fwp%2Fv2%2Fmedia&parent=945"}],"curies":[{"name":"wp","href":"https:\/\/api.w.org\/{rel}","templated":true}]}}

<h4><strong>Leden 2015</strong> &#8211; <strong>Ježíš pro neslyšící, neslyšící pro Ježíše</strong></h4>
<p>Pozvánka do sboru v Jeseníku, kde jsme se uskutečnila bohoslužbu s tlumočením do znakového jazyka.  Jako hosté jsme odpoledne vyprávěli, jaké je to žít ve &#8222;světě ticha&#8220;. Jitka Morávková prezentovala počínající službu Neslyšícím adventistům. Učili jsme se i základy znakového jazyka. Byla to sobota plná nových setkání a prožívání Boží blízkosti. Děkujeme manželům Morávkovým, sestře Leoně Srokové, Karle Škutové i ostatním bratrům a sestrám za jejich podíl na celém programu. Děkujeme Bohu za jeho lásku a péči. (Bronislava Hyvnarová)</p>
<p><a href="https://neslysici.casd.cz/wp-content/uploads/2015/10/pozvanka.jpg"><img loading="lazy" decoding="async" class="alignleft size-thumbnail wp-image-432" src="https://neslysici.casd.cz/wp-content/uploads/2015/10/pozvanka-150x150.jpg" alt="pozvanka" width="150" height="150" /></a></p>
<p><a href="https://neslysici.casd.cz/wp-content/uploads/2015/10/IMG_8730-1024x768.jpg"><img loading="lazy" decoding="async" class="alignleft size-thumbnail wp-image-431" src="https://neslysici.casd.cz/wp-content/uploads/2015/10/IMG_8730-1024x768-150x150.jpg" alt="IMG_8730-1024x768" width="150" height="150" /></a><a href="https://neslysici.casd.cz/wp-content/uploads/2015/10/IMG_8737-1024x768.jpg"><img loading="lazy" decoding="async" class="alignleft size-thumbnail wp-image-428" src="https://neslysici.casd.cz/wp-content/uploads/2015/10/IMG_8737-1024x768-150x150.jpg" alt="IMG_8737-1024x768" width="150" height="150" /></a></p>
<p><a href="https://neslysici.casd.cz/wp-content/uploads/2015/10/IMG_8736-1024x768.jpg"><img loading="lazy" decoding="async" class="alignleft size-thumbnail wp-image-429" src="https://neslysici.casd.cz/wp-content/uploads/2015/10/IMG_8736-1024x768-150x150.jpg" alt="IMG_8736-1024x768" width="150" height="150" /></a></p>
<p>&nbsp;</p>
<p>&nbsp;</p>
<p>&nbsp;</p>
<p>&nbsp;</p>
<p>&nbsp;</p>
<h4><strong>Listopad 2015 &#8211; bohoslužba pro neslyšící &#8211; Jeseník</strong></h4>
<p>Opět bohoslužba v Jeseníku &#8211; <strong>kázání Broňky Hyvnarové bylo o proroku Eliášovi</strong>. Eliáš byl Boží služebník. Naslouchal Bohu i lidem. Měl otevřené srdce. Hlásal: „Hospodin je můj Bůh.“ Mluvil slovy i beze slov. Totéž chce Bůh po nás. I my máme svým chováním i slovy ukazovat: <strong>„Můj Bůh je Hospodin“</strong>. Eliášem má být každý z nás.</p>
<p>Odpoledne se nám už potřetí otevřel svět ticha – svět neslyšících. Povídání o neslyšících rodičích, povídání o neslyšících dětech. I my se učíme komunikovat se svými dětmi. Je to krásné + složité. Chceme umět komunikovat. Neslyšící jsou v našem sboru vítáni.</p>
<p><a href="https://neslysici.casd.cz/wp-content/uploads/2016/03/DSC00126.jpg"><img loading="lazy" decoding="async" class="alignnone size-thumbnail wp-image-440" src="https://neslysici.casd.cz/wp-content/uploads/2016/03/DSC00126-150x150.jpg" alt="DSC00126" width="150" height="150" /></a>  <a href="https://neslysici.casd.cz/wp-content/uploads/2016/03/DSC00121.jpg"><img loading="lazy" decoding="async" class="alignnone size-thumbnail wp-image-442" src="https://neslysici.casd.cz/wp-content/uploads/2016/03/DSC00121-150x150.jpg" alt="DSC00121" width="150" height="150" /></a> <a href="https://neslysici.casd.cz/wp-content/uploads/2016/03/DSC00120.jpg"><img loading="lazy" decoding="async" class="alignnone size-thumbnail wp-image-443" src="https://neslysici.casd.cz/wp-content/uploads/2016/03/DSC00120-150x150.jpg" alt="DSC00120" width="150" height="150" /></a>  <a href="https://neslysici.casd.cz/wp-content/uploads/2016/03/DSC00057.jpg"><img loading="lazy" decoding="async" class="alignnone size-thumbnail wp-image-456" src="https://neslysici.casd.cz/wp-content/uploads/2016/03/DSC00057-150x150.jpg" alt="DSC00057" width="150" height="150" /></a> <a href="https://neslysici.casd.cz/wp-content/uploads/2016/03/DSC00056.jpg"><img loading="lazy" decoding="async" class="alignnone size-thumbnail wp-image-457" src="https://neslysici.casd.cz/wp-content/uploads/2016/03/DSC00056-150x150.jpg" alt="DSC00056" width="150" height="150" /></a></p>

<p>Leden 2015 &#8211; Ježíš pro neslyšící, neslyšící pro Ježíše Pozvánka do sboru v Jeseníku, kde jsme se uskutečnila bohoslužbu s tlumočením do znakového jazyka.  Jako hosté jsme odpoledne vyprávěli, jaké je to žít ve &#8222;světě ticha&#8220;. Jitka Morávková prezentovala počínající službu Neslyšícím adventistům. Učili jsme se i základy znakového jazyka. Byla to sobota plná nových setkání &#8230; <a title="2015" class="read-more" href="https://neslysici.casd.cz/?page_id=945" aria-label="Číst více o 2015">Číst dál</a></p>
